inder when f/((-4)/j)*-1 is divided by 19.
18
Let s be (-3 - 2)*(-1 - 6). Let u(b) = 36*b**2 + 1. Calculate the remainder when u(1) is divided by 1*(3 + s)/2.
18
Let b(s) = -3*s**3 - 3*s**2 - 2. Let v be b(-3). Suppose 4*q = 5*i - v, 0 = -4*i - 5*q + 2*q + 54. What is the remainder when i is divided by 7?
5
Suppose m + 3*m = -3*x - 2, -3*m = 4*x + 5. Calculate the remainder when 33 is divided by (3 + m)*(-63)/(-28).
6
Suppose 0 = -4*z + d + 380, -2*d = z + 3*d - 95. Suppose -6*g = -g - 3*s - z, -21 = -g + s. What is the remainder when g is divided by 9?
7
Suppose -3*q - 4*f + 1 = -2, -5*q - 5*f + 10 = 0. Let u(p) = p + 17. Let c be u(0). Let i = -8 + c. Calculate the remainder when i is divided by q.
4
Let p = -62 + 36. Let b = 43 + p. What is the remainder when 50 is divided by b?
16
Suppose 3*h + 0*p + 2 = 2*p, p + 6 = 5*h. Suppose h*m - 2 = -0. Calculate the remainder when m is divided by -2 - (-4)/(12/9).
0
Let n(z) = -z**3 - 6*z**2 + 5*z - 1. Let p be n(-6). Let y = 4 + p. Let d = y - -45. What is the remainder when 34 is divided by d?
16
Suppose -3 = 3*v - 2*v. What is the remainder when 29 is divided by (-1)/v + 145/15?
9
Suppose 5*l + 2*s - 89 = 0, 5*s = -4*l + s + 64. Let y = 41 + -4. Calculate the remainder when y is divided by l.
18
Calculate the remainder when 24 is divided by ((-33)/(-22))/(3/28).
10
Suppose -4*t + 68 + 44 = 0. Let p(i) be the first derivative of i**4/4 + 2*i**3 + 2*i**2 + 2*i - 3. What is the remainder when t is divided by p(-2)?
8
Let b(o) = -o - 2. Let h be (-10)/3*3 - -1. Calculate the remainder when 12 is divided by b(h).
5
Let f(y) = -5*y - 1. Let z = 3 + -2. Calculate the remainder when f(-6) is divided by (-649)/(-66) - z/(-6).
9
Suppose 4*s = -j + 12, 2*j - 4*s + 13 = 37. Calculate the remainder when j is divided by 3.
0
Let g(a) = a**2 - 2*a - 2. What is the remainder when 41 is divided by g(-4)?
19
Let d = 229 + -132. What is the remainder when d is divided by 33?
31
Let v be ((-290)/40)/((-1)/12). Let j = -51 + v. Calculate the remainder when j is divided by 13.
10
Suppose 5*n + b - 146 = 0, 5*b + 124 = 4*n + 4*b. Calculate the remainder when 119 is divided by n.
29
Let o = -70 - -109. What is the remainder when o is divided by 14?
11
Suppose -4*s + 43 = -3*s + 2*y, 5*s - 180 = -3*y. What is the remainder when s is divided by 12?
9
Let t(i) = 4*i - 9. Suppose 0 = -4*p - 3*s + 25, 3*p - p - 5*s + 7 = 0. What is the remainder when t(4) is divided by p?
3
Suppose -434 = -9*q - 110. What is the remainder when 104 is divided by q?
32
Let k = -1 - -10. What is the remainder when 34 is divided by k?
7
Calculate the remainder when 13 is divided by ((-2)/(-2))/(4/24).
1
Suppose 3*a + 3*y - 158 = 28, 3*y - 3 = 0. Calculate the remainder when a is divided by 16.
13
Let u = 13 + -3. Let w(k) = k - 7. What is the remainder when 8 is divided by w(u)?
2
What is the remainder when 51 is divided by 117/(-6)*12/(-18)?
12
Let o(w) = 3*w - 3. Let t be o(2). Suppose 3*i - t*z - 57 = -0*z, -z = i - 23. What is the remainder when 41 is divided by i?
20
Suppose -4 = -2*d + 2*a, 4*a - 12 = -5*d + 4*d. Suppose -11 - 7 = -3*f. What is the remainder when f is divided by d?
2
Suppose 2*t - 39 = -t. Calculate the remainder when 37 is divided by t.
11
Let f = 8 - -1. What is the remainder when 41 is divided by f?
5
Suppose 3*n - 7 = -5*r - 0*n, -3*r = 5*n - 1. Calculate the remainder when (-49)/(1 - r/1) is divided by 10.
9
Let z = 24 + -24. Suppose 9*u - 7*u - 172 = z. Calculate the remainder when u is divided by 22.
20
Let t = 197 + -149. Calculate the remainder when 138 is divided by t.
42
Let n(c) = c**3 - 4*c**2 + 4. Let g be n(4). Let x(i) = -i**3 + 6*i**2 - 3*i - 2. Calculate the remainder when 53 is divided by x(g).
17
Let f = 8 + 53. What is the remainder when f is divided by (-3 + 1 - 0/(-9)) + 18?
13
Let t be 2/5 + (-806)/(-10). Let m = -52 + t. Calculate the remainder when m is divided by 15.
14
Let p(k) = k**2 + 3*k. Let m = -25 + 25. Suppose 12 = 4*j, m*n - 4*j = n - 22. Calculate the remainder when p(-6) is divided by n.
8
Suppose 4*z - 14 = 170. What is the remainder when 136 is divided by z?
44
Let n = -73 - -130. Suppose n = 5*d + z, 4*d = -3*z - 0*z + 39. What is the remainder when 23 is divided by d?
11
Let a = -2 + 16. What is the remainder when 69 is divided by a?
13
Suppose 2*r + 2 = -2. Let o be (-1*1)/(r/4). Calculate the remainder when (1 - o)*1*-10 is divided by 6.
4
Suppose -4*f + 101 + 47 = 0. What is the remainder when f is divided by 13?
11
Let c(p) = -6*p - 1. Calculate the remainder when c(-5) is divided by 11/2 + 12/264*11.
5
Let q be (0 + -1)/(-1 - 0). Suppose 3 - q = f. Calculate the remainder when 2/(-3) - (-42)/9 is divided by f.
0
Let z be (-22)/11 + 1*4. Suppose 3*f - 3 + 9 = 0, -64 = -2*v - z*f. Let k(t) = t**3 + 5*t**2 - 9*t - 9. Calculate the remainder when v is divided by k(-6).
7
What is the remainder when 60 is divided by (-3 + (-68)/(-12))*6?
12
Let k(h) be the second derivative of h**4/3 + h**3/6 + h**2/2 + h. What is the remainder when k(2) is divided by 11?
8
Suppose -3*c + 5*x = -267, -c + 3*x = -8 - 85. Suppose 0 = -3*b + c + 24. What is the remainder when b is divided by 13?
10
Let f(c) be the first derivative of -1/2*c**2 + 5*c - 2. Calculate the remainder when 26 is divided by f(-9).
12
Suppose 0 = -n - 2*n + 3*p + 48, 3*p + 69 = 4*n. Calculate the remainder when n is divided by 12.
9
Suppose 0 = 5*s - 18 + 3. Calculate the remainder when 11 is divided by s.
2
What is the remainder when 35 is divided by -1 + 5 + (4 - 2)?
5
Suppose -w = -2*o + w + 48, 0 = -3*o + w + 62. What is the remainder when o is divided by 11?
8
Suppose -13*f - 235 = -18*f. Calculate the remainder when f is divided by 8.
7
Let y = -98 - -169. What is the remainder when y is divided by 18?
17
Let p(n) = 2*n**3 - 7*n**2 + 4*n + 5. Calculate the remainder when p(4) is divided by 19.
18
Let l(w) = -w**3 + 9*w**2 + w - 12. Let q be l(9). Let x be (q/((-3)/26))/(-1). Let b = 43 + x. Calculate the remainder when b is divided by 9.
8
Suppose 2*o + 4*h - 24 = 0, -13 - 14 = -o - 5*h. Suppose -3*f = o*f - 55. What is the remainder when f is divided by 7?
4
Let v = 39 + -25. Calculate the remainder when v is divided by 4.
2
Let a be (-2)/10 + (-258)/10. Let b = 42 + a. Let l = b - 9. What is the remainder when l is divided by 4?
3
Suppose 0 = -n - 2*n - 36. Suppose 0 = -f - 3, -4*j - 3*f = -4*f - 19. What is the remainder when ((-3)/2 - -1)*n is divided by j?
2
Let f(d) = d**3 + 3*d**2 - 2*d - 2. What is the remainder when f(2) is divided by 8 - 9*(-1 - -4)/9?
4
Calculate the remainder when ((-10)/3)/((-4)/102) is divided by 22.
19
Suppose 4*u = 2*s - 6, -4*s = -5*u + s. Calculate the remainder when 62 is divided by 7/(7/u) + 19.
14
Let g(j) = -5*j - 22. What is the remainder when g(-8) is divided by 5?
3
Let q(h) = -h**3 + 2*h**2 + 7*h - 3. Calculate the remainder when 15 is divided by q(3).
6
What is the remainder when 29*(-5 - -6) + -5 is divided by 13?
11
Let h(g) = -6*g**3 - g**2 + g + 1. Let k be h(-2). Suppose -3*c + 4 = -7*c. Let s = k - c. What is the remainder when s is divided by 15?
14
Let i be (-3)/6*8 - -5. Suppose b - 2*h - 2 = i, -4*b + 5*h = -27. What is the remainder when 24 is divided by b?
11
Suppose 0 = s - 6*s + 3*l + 150, -3*l - 15 = 0. Let p(w) = -3*w**2. Let t be p(-1). Calculate the remainder when 2 + -2 - s/t is divided by 5.
4
Let l(k) = -k**3 + 6*k**2 + 5. Let n(h) = -h + 5 - 6*h - 4. Calculate the remainder when n(-1) is divided by l(6).
3
Let i(t) = -15*t**2. Let f be i(3). Calculate the remainder when (f/(-10))/(1/2) is divided by 14.
13
Suppose 2*a - 2 - 18 = 0. Suppose -12 = -z + 3*w, -6 = -z + 4*w + a. Let d = 8 + z. What is the remainder when d is divided by 3?
2
Let y = -8 - -11. Let q = -14 + 24. Calculate the remainder when q is divided by (-4)/y*36/(-8).
4
Let p be ((-15)/(-10))/(3/10). Let i(k) = k**3 - 5*k**2 + 6*k - 3. What is the remainder when i(p) is divided by 15?
12
Let b(s) = -s**3 + 8*s**2 + 4*s - 8. Let c be b(6). Suppose r + 2*y = 24, -3*r - 4*y = -c + 26. Calculate the remainder when 27 is divided by r.
13
Suppose 2*s + k - 55 = 0, 9*s + 99 = 12*s - 4*k. Suppose 4*v - 57 = -17. Calculate the remainder when s is divided by v.
9
Let m(h) = 34*h**3 - h**2 - h - 1. 